. What is the tens digit of v?
5
Suppose -130 = -5*r + h + 79, 5*r + 4*h = 214. What is the tens digit of r?
4
Let o = 51 + 123. What is the tens digit of o?
7
Suppose -4 = o - 5. Let m be (-1)/4 + 26/8. Let t = o + m. What is the units digit of t?
4
Let u(n) = n**3 - 7*n**2 + 4. Let i be u(7). Let z be i/(-18) - 20/(-9). Suppose z = -2*p + 3*p. What is the units digit of p?
2
What is the tens digit of ((-1)/(-1) - 33)*(-5)/10?
1
Let h = -2 + 18. What is the tens digit of h?
1
Suppose 0 = -4*z + 4*r + 20, 8 = -4*z + 5*r - 8*r. What is the units digit of z?
1
Let p(o) = -o**3 + 9*o**2 + 1. What is the units digit of p(6)?
9
Let w(l) = 2*l**3 + l**2 + 2*l - 1. Let y be w(2). Let p = y + -10. Let x = p - -3. What is the tens digit of x?
1
Let n be (1 + 3/(-3))/(-2). Suppose -3*l - 5*g + n*g = -40, 0 = -2*g + 10. What is the units digit of l?
5
Suppose 0 = -5*y + 284 + 351. What is the hundreds digit of y?
1
Let x = 154 + 180. What is the tens digit of x?
3
Let v(x) = 30*x**2 - 3*x + 1. What is the units digit of v(2)?
5
What is the units digit of (-10)/(-45) + (-2829)/(-27)?
5
Suppose 0 = 2*j + 2 - 6. Let a(y) = y + 2. Let g be a(j). Suppose g*v - c - 6 = -v, 2*v - 2*c + 4 = 0. What is the units digit of v?
2
What is the tens digit of 3 + (-340)/(-8) + (-3)/6?
4
Let x = -11 + 13. Suppose -9 = -j - 3*d, -x*j + 73 = -0*j - 5*d. What is the units digit of j?
4
Let r = -87 + 144. What is the tens digit of r?
5
Let p = 6 - 6. Suppose -4*w - 5*c + 44 = 0, p*c + 46 = 5*w + 4*c. What is the units digit of w?
6
Let u be 5 + (1 - 6 - -2). Let n(c) = 2*c**2 - c - 1. Let o be n(u). Suppose 0 = -o*t + g + 10, -g + 1 - 6 = 0. What is the units digit of t?
1
Suppose -94 = -4*o + 2*o. What is the units digit of o?
7
Suppose c = 4*l + 12, 2*c - 5 = 4*l + 3. Let v be (0 + c)*8/(-2). Suppose -2 - v = -2*s. What is the units digit of s?
9
Let z = -22 - -42. What is the tens digit of z?
2
Let k be (-6)/(-24) + (-25)/4. Let b(w) = -w**3 - 5*w**2 + 5*w - 4. What is the units digit of b(k)?
2
Let v = 9 + -9. Suppose -4*p + 82 = 5*j, v*j = j + 2. Let z = 36 - p. What is the units digit of z?
3
Let q = -152 + 273. What is the units digit of q?
1
Suppose -12*a - 288 = -15*a. What is the units digit of a?
6
Suppose 5*l = 3*a + 125, 4*a = -0*l - 2*l + 76. What is the tens digit of l?
2
Let z be 0*(-3 - (-32)/12). What is the tens digit of 22/(-1 - z - -2)?
2
Suppose -168 = 3*c - 6*c. What is the units digit of c?
6
Suppose 0*s - s + 92 = -4*x, 2*s + 2*x - 134 = 0. What is the units digit of s?
2
Let f(g) = 7*g + 1. Let a be f(1). Let d(t) = -t**2 + 7*t - 5. Let z(v) = -v**2 + 7*v - 6. Let r(n) = -4*d(n) + 3*z(n). What is the units digit of r(a)?
0
Suppose 0*y - 88 = -2*y. What is the units digit of y?
4
Suppose 3*g - 6*g + 57 = -4*f, 2*g - 36 = 2*f. Let n be 1*4*g/12. Suppose -2*o - 2*j + 6 = -j, n*o = 5*j. What is the units digit of o?
2
Let n = -8 + 32. What is the tens digit of n?
2
Suppose -y = -4*n + 5, 4*y - 2 = 10. Let s(t) be the first derivative of t**3/3 + t**2/2 - t - 15. What is the units digit of s(n)?
5
Let j(i) = i**3 - 8*i**2 + 8*i + 9. Let w be j(7). Let q = w + -4. What is the tens digit of q?
1
Let l = -3 - -26. What is the tens digit of l?
2
Suppose 10 + 137 = 3*r. What is the units digit of r?
9
Let h = -4 - -8. Suppose -2*d = -y - h + 17, -5 = -y - 2*d. What is the units digit of y?
9
Let v = 22 + -19. Suppose 6*x - 4*b = 2*x + 112, v*b = -x + 16. What is the units digit of x?
5
Suppose -c = 5*a - 16, c = -c + 5*a - 28. What is the units digit of (c/(-14))/((-3)/(-21))?
2
Let s(a) = 124*a**2 - 2. What is the tens digit of s(-1)?
2
Let f = 29 + -40. Let i(a) = a**3 + 12*a**2 + 10*a + 7. What is the tens digit of i(f)?
1
Let d(k) = -k**3 - 14*k**2 - 11*k - 4. Let n be d(-14). Suppose -n = -7*j + 2*j. What is the units digit of j?
0
Let q(s) = -s**3 - s**2 + 2*s - 2. Let w be q(3). Let p = -19 - w. Let v = p - 2. What is the tens digit of v?
1
Suppose 16 = -2*w + 6*w. Suppose w*l + o - 45 = 0, -5*l - o = 2*o - 51. What is the tens digit of l?
1
Let z(f) = 2*f**2 + 4*f - 5. Let j(s) = s**3 + 2*s**2 + s - 2. Let y be j(-2). What is the units digit of z(y)?
1
Let d = 91 + -51. What is the tens digit of d?
4
Let j(m) = -m**3 + m**2 + m + 65. Let v be j(0). Suppose -v = -3*i + 31. What is the tens digit of i?
3
Let z be (10/3)/((-3)/9). Let s = z + 21. Suppose 3*o - 7 = s. What is the units digit of o?
6
Suppose 4*d - 6*d - 8 = 0. What is the tens digit of (17/2)/((-2)/d)?
1
Suppose 0*r - r + 5*s = -26, 2*r + s + 3 = 0. What is the units digit of r?
1
Let r(x) = -x**3 + 5*x**2 + 9*x - 1. Suppose -v = -3*v + 12. Let k be r(v). Suppose -4*f + 19 = -k. What is the units digit of f?
9
Let z(b) = b**3 - 3*b**2 - 2*b - 4. Let q be z(4). Let i(t) = -2*t**2 - 2 + 3*t**2 + q*t - 2*t. What is the units digit of i(-4)?
6
Suppose -3*u = 5*q + 37, -q = 4*q + 25. Let h(x) = x + 5. Let l be h(u). Let n(r) = 2*r**2 + r. What is the units digit of n(l)?
3
Suppose -12 = 5*q - 2*q, 3*d + q = 215. What is the tens digit of d?
7
Let d(a) = a**2 - 5*a - 3. Let v = -10 + 19. Let b = v + -3. What is the units digit of d(b)?
3
Suppose 5*o - 252 = 593. What is the hundreds digit of o?
1
Let a be (-4)/((-12)/(-7) - 2). Suppose 5*x + 4 = a. Suppose -r - 1 = -3*t + 1, 0 = -x*t + 2*r. What is the units digit of t?
1
Let i = -6 - -11. Suppose c + 3*m = -2*c + 18, -4*m = i*c - 25. What is the units digit of c/(2/((-16)/(-1)))?
8
Let l = -11 - -8. Let m be (l/(-1))/(6/(-4)). What is the tens digit of -45*(m - 5/(-3))?
1
Let z(h) = h**3 - 10*h**2 - 31*h - 12. What is the tens digit of z(13)?
9
Let o = 1 + -1. Let t be 15/6*6 + o. Suppose 4*w - t = 1. What is the units digit of w?
4
Let b(w) = -w**3 + 8*w**2 + w + 7. Let v be 2/(-10) + 82/10. What is the tens digit of b(v)?
1
Suppose -4*r + 2*p = -r - 113, -2*r = -p - 74. Let n = r + -7. What is the units digit of n?
8
Suppose 3*f - 5*y = -67, 5*y + 47 = -2*f - f. Let b = f + 27. What is the units digit of b?
8
Let g(t) = -t**2 + 7*t + 8. Let j be g(8). Suppose -5*z = -j*z. Suppose 4*p - 2*h = 18, -h + z*h = -3*p + 12. What is the units digit of p?
3
Let l(j) = j + 2 - 3 + 15*j**2 + 2. What is the tens digit of l(-1)?
1
Suppose 3*c = -0*c + 3. What is the units digit of ((-2)/(-5))/(c/5)?
2
Let d be -3 + (0 + -3 - -6). Suppose -4*h + 16 = -d. What is the units digit of h?
4
Let x = 4 + -14. Let f(b) = -5*b + 5. Let k be f(5). What is the units digit of (-126)/x + (-8)/k?
3
Let d = -88 + 141. Suppose 6*g - 1 = d. What is the units digit of g?
9
Let d(w) = w**3 - 8*w**2 + 7*w + 5. What is the units digit of d(7)?
5
Suppose -4*o + 2*s = 42, -3*o - 19 = -2*s + 15. Let h = 10 - o. What is the tens digit of h?
1
Let h(g) = 6*g**2 + g - 4. What is the units digit of h(-6)?
6
Suppose -g + 0*g = -12. Suppose -11*t = -g*t + 8. What is the units digit of t?
8
Let c(t) = -t**3 + 2*t - 5. Let o(s) = 2*s**3 + s**2 - 3*s + 10. Let r(d) = -13*c(d) - 6*o(d). Let h be r(7). Let i = 1 - h. What is the units digit of i?
3
Suppose -3*s = 3*s. Suppose -2*f = -3*q - s*q - 21, 2*f = 5*q + 11. What is the units digit of f?
8
Let j(c) = c**3 + 9*c**2 + 6*c - 7. Let d be j(-8). Let z = d - 7. What is the units digit of z?
2
Let u(y) = 51*y + 21. Let k(x) = -10*x - 4. Let g(c) = -11*k(c) - 2*u(c). What is the tens digit of g(1)?
1
Let c = 116 - 69. What is the tens digit of c?
4
Let s = 9 + -4. What is the units digit of 50/6 + s/(-15)?
8
Suppose 342 = 3*t + 54. What is the tens digit of t?
9
Suppose -243 = -f - j, -2*f - j + 490 = -0*j. What is the units digit of f?
7
Let h(i) = 11*i**2 - i. Let g(x) = -x**3 + 3*x**2 - x - 1. Suppose 3*o - 7 + 1 = 0. Let v be g(o). What is the units digit of h(v)?
0
Suppose -5 = -4*f + 3*f. What is the units digit of 6/(-15) + 57/f?
1
Let t be 1/5 - 57/(-15). What is the units digit of 1/(-1) + 16/t?
3
Suppose -7*h + 4 = -5*h. Suppose 0 = -3*j + 2*u - 1 + h, -3*j - 5*u = -29. What is the units digit of j?
3
Suppose -4*n + 69 = 5*t, 2*n - 4*t - 12 - 16 = 0. Suppose -5*s + 136 - n = 0. Suppose 5*x - s = x. What is the units digit of x?
6
Suppose -2*f - 2*r = -48, 5*r + 12 + 36 = 2*f. What is the tens digit of f?
2
Let h(x) = 6*x + 9. What is the units digit of h(2)?
1
Let m be 16/(-9) + 8/(-36). Let c be -1 - (m - 10) - -1. Let o = c -